{"id":2470,"date":"2020-10-14T20:02:45","date_gmt":"2020-10-14T20:02:45","guid":{"rendered":"http:\/\/jf-moinhosdagandara.pt\/?page_id=2470"},"modified":"2021-09-27T08:46:59","modified_gmt":"2021-09-27T08:46:59","slug":"procedimentos-concursais","status":"publish","type":"page","link":"https:\/\/jf-moinhosdagandara.pt\/?page_id=2470","title":{"rendered":"Procedimentos concursais"},"content":{"rendered":"<h2>Assistente operacional (<u>data limite para rece\u00e7\u00e3o das candidaturas \u00e9 09\/04\u00a0<\/u>)<\/h2>\n<hr \/>\n<hr \/>\n<hr \/>\n<hr \/>\n<p><a href=\"https:\/\/jf-moinhosdagandara.pt\/wp-content\/uploads\/2021\/03\/Aviso-extrato-DR.pdf\" target=\"_blank\" rel=\"noopener noreferrer\">Aviso (DR)<\/a><\/p>\n<p><a href=\"https:\/\/jf-moinhosdagandara.pt\/wp-content\/uploads\/2021\/03\/Aviso-BEP.pdf\" target=\"_blank\" rel=\"noopener noreferrer\">Aviso\/Oferta BEP<\/a><\/p>\n<p><a href=\"https:\/\/jf-moinhosdagandara.pt\/wp-content\/uploads\/2021\/03\/Formulario-Candidatura.doc\" target=\"_blank\" rel=\"noopener noreferrer\">Formul\u00e1rio de candidatura<\/a><\/p>\n<p><a href=\"https:\/\/jf-moinhosdagandara.pt\/wp-content\/uploads\/2021\/03\/Formulario-Audiencia-Previa.docx\" target=\"_blank\" rel=\"noopener noreferrer\">Formul\u00e1rio de audi\u00eancia pr\u00e9via<\/a><\/p>\n<p><a href=\"https:\/\/jf-moinhosdagandara.pt\/wp-content\/uploads\/2021\/09\/Ata-no-1-4.pdf\" target=\"_blank\" rel=\"noopener\">Ata n\u00ba1<\/a><\/p>\n<p><a href=\"https:\/\/jf-moinhosdagandara.pt\/wp-content\/uploads\/2021\/09\/Ata-no-2-1.pdf\" target=\"_blank\" rel=\"noopener\">Ata n\u00ba2<\/a><\/p>\n<p><a href=\"https:\/\/jf-moinhosdagandara.pt\/wp-content\/uploads\/2021\/09\/Ata-no-3-1.pdf\" target=\"_blank\" rel=\"noopener\">Ata n\u00ba3<\/a><\/p>\n<p><a href=\"https:\/\/jf-moinhosdagandara.pt\/wp-content\/uploads\/2021\/09\/Ata-no-4.pdf\" target=\"_blank\" rel=\"noopener\">Ata n\u00ba4<\/a><\/p>\n<p><a href=\"https:\/\/jf-moinhosdagandara.pt\/wp-content\/uploads\/2021\/09\/Ata-no-5.pdf\" target=\"_blank\" rel=\"noopener\">Ata n\u00ba5<\/a><\/p>\n<p><a href=\"https:\/\/jf-moinhosdagandara.pt\/wp-content\/uploads\/2021\/09\/Ata-no-6.pdf\" target=\"_blank\" rel=\"noopener\">Ata n\u00ba6<\/a><\/p>\n<h2>Assistente operacional (Cessado)<\/h2>\n<hr \/>\n<hr \/>\n<hr \/>\n<hr \/>\n<p><a role=\"button\" href=\"https:\/\/jf-moinhosdagandara.pt\/wp-content\/uploads\/2020\/10\/Formulario-Candidatura.doc\" target=\"_blank\" rel=\"noopener noreferrer\"><br \/>\nFormul\u00e1rio Candidatura<br \/>\n<\/a><br \/>\n<a role=\"button\" href=\"https:\/\/jf-moinhosdagandara.pt\/wp-content\/uploads\/2020\/10\/Formulario-Audiencia-Previa.docx\" target=\"_blank\" rel=\"noopener noreferrer\"><br \/>\nFormul\u00e1rio Audi\u00eancia Pr\u00e9via<br \/>\n<\/a><br \/>\n<a role=\"button\" href=\"https:\/\/jf-moinhosdagandara.pt\/wp-content\/uploads\/2020\/10\/Aviso-BEP.pdf\" target=\"_blank\" rel=\"noopener noreferrer\"><br \/>\nAviso BEP<br \/>\n<\/a><\/p>\n<p><a role=\"button\" href=\"https:\/\/jf-moinhosdagandara.pt\/wp-content\/uploads\/2020\/10\/Aviso-extrato-DR.pdf\" target=\"_blank\" rel=\"noopener noreferrer\">Aviso (DR-extracto)<\/a><\/p>\n<p><a href=\"https:\/\/jf-moinhosdagandara.pt\/wp-content\/uploads\/2021\/03\/Aviso-Cessacao-DR.pdf\" target=\"_blank\" rel=\"noopener noreferrer\">Aviso Cessa\u00e7\u00e3o DR<\/a><\/p>\n<p><a href=\"https:\/\/jf-moinhosdagandara.pt\/wp-content\/uploads\/2021\/09\/Ata-no-1.pdf\" target=\"_blank\" rel=\"noopener\">Ata n\u00ba1<\/a><\/p>\n<p><a href=\"https:\/\/jf-moinhosdagandara.pt\/wp-content\/uploads\/2021\/09\/Ata-no-2.pdf\" target=\"_blank\" rel=\"noopener\">Ata n\u00ba2<\/a><\/p>\n<p><a href=\"https:\/\/jf-moinhosdagandara.pt\/wp-content\/uploads\/2021\/09\/Ata-no-3.pdf\" target=\"_blank\" rel=\"noopener\">Ata n\u00ba3<\/a><\/p>\n","protected":false},"excerpt":{"rendered":"<p>Assistente operacional (data limite para rece\u00e7\u00e3o das candidaturas \u00e9 09\/04\u00a0) Aviso (DR) Aviso\/Oferta BEP Formul\u00e1rio de candidatura Formul\u00e1rio de audi\u00eancia pr\u00e9via Ata n\u00ba1 Ata n\u00ba2 Ata n\u00ba3 Ata n\u00ba4 Ata n\u00ba5 Ata n\u00ba6 Assistente operacional (Cessado) Formul\u00e1rio Candidatura Formul\u00e1rio Audi\u00eancia Pr\u00e9via Aviso BEP Aviso (DR-extracto) Aviso Cessa\u00e7\u00e3o DR Ata n\u00ba1 Ata n\u00ba2 Ata n\u00ba3<\/p>\n","protected":false},"author":1,"featured_media":0,"parent":0,"menu_order":0,"comment_status":"closed","ping_status":"closed","template":"","meta":{"om_disable_all_campaigns":false,"_monsterinsights_skip_tracking":false,"_monsterinsights_sitenote_active":false,"_monsterinsights_sitenote_note":"","_monsterinsights_sitenote_category":0,"powered_cache_disable_cache":false,"powered_cache_disable_lazyload":false,"footnotes":""},"class_list":["post-2470","page","type-page","status-publish","hentry"],"aioseo_notices":[],"blog_post_layout_featured_media_urls":{"thumbnail":"","full":""},"categories_names":null,"comments_number":"0","jetpack_sharing_enabled":true,"_links":{"self":[{"href":"https:\/\/jf-moinhosdagandara.pt\/index.php?rest_route=\/wp\/v2\/pages\/2470","targetHints":{"allow":["GET"]}}],"collection":[{"href":"https:\/\/jf-moinhosdagandara.pt\/index.php?rest_route=\/wp\/v2\/pages"}],"about":[{"href":"https:\/\/jf-moinhosdagandara.pt\/index.php?rest_route=\/wp\/v2\/types\/page"}],"author":[{"embeddable":true,"href":"https:\/\/jf-moinhosdagandara.pt\/index.php?rest_route=\/wp\/v2\/users\/1"}],"replies":[{"embeddable":true,"href":"https:\/\/jf-moinhosdagandara.pt\/index.php?rest_route=%2Fwp%2Fv2%2Fcomments&post=2470"}],"version-history":[{"count":18,"href":"https:\/\/jf-moinhosdagandara.pt\/index.php?rest_route=\/wp\/v2\/pages\/2470\/revisions"}],"predecessor-version":[{"id":3410,"href":"https:\/\/jf-moinhosdagandara.pt\/index.php?rest_route=\/wp\/v2\/pages\/2470\/revisions\/3410"}],"wp:attachment":[{"href":"https:\/\/jf-moinhosdagandara.pt\/index.php?rest_route=%2Fwp%2Fv2%2Fmedia&parent=2470"}],"curies":[{"name":"wp","href":"https:\/\/api.w.org\/{rel}","templated":true}]}}