{"id":3569,"date":"2021-11-11T10:40:27","date_gmt":"2021-11-11T10:40:27","guid":{"rendered":"http:\/\/jf-moinhosdagandara.pt\/?page_id=3569"},"modified":"2025-11-28T17:56:07","modified_gmt":"2025-11-28T17:56:07","slug":"atas-executivo-2021-2025","status":"publish","type":"page","link":"https:\/\/jf-moinhosdagandara.pt\/?page_id=3569","title":{"rendered":"Atas executivo (2021-2025)"},"content":{"rendered":"\n<p><strong>Ano de 2025<\/strong><\/p>\n\n\n\n<p><a href=\"https:\/\/jf-moinhosdagandara.pt\/wp-content\/uploads\/2025\/11\/Ata-Extraordinaria-17-Setembro-.pdf\" target=\"_blank\" rel=\"noopener\" title=\"\">63<\/a>&#8211; Acta n\u00famero sessenta e tr\u00eas, 17 Setembro de 2025.<\/p>\n\n\n\n<p><a href=\"https:\/\/jf-moinhosdagandara.pt\/wp-content\/uploads\/2025\/11\/Ata-de-tres-de-setembro.pdf\" target=\"_blank\" rel=\"noopener\" title=\"\">62<\/a>&#8211; Acta n\u00famero sessenta e dois, 3 Setembro de 2025.<\/p>\n\n\n\n<p><a href=\"https:\/\/jf-moinhosdagandara.pt\/wp-content\/uploads\/2025\/11\/Ata-Extraordinaria-de-20-Agosto.pdf\" target=\"_blank\" rel=\"noopener\" title=\"\">61<\/a>&#8211; Acta n\u00famero sessenta e um, 20 Agosto de 2025.<\/p>\n\n\n\n<p><a href=\"https:\/\/jf-moinhosdagandara.pt\/wp-content\/uploads\/2025\/11\/Ata-Extraordinaria-de-25-de-junho.pdf\" target=\"_blank\" rel=\"noopener\" title=\"\">60<\/a>&#8211; Acta n\u00famero sessenta, 13 Agosto de 2025.<\/p>\n\n\n\n<p><a href=\"https:\/\/jf-moinhosdagandara.pt\/wp-content\/uploads\/2025\/11\/Ata-Extraordinaria-de-25-de-junho.pdf\" target=\"_blank\" rel=\"noopener\" title=\"\">59<\/a>&#8211; Acta n\u00famero cinquenta e nove, 6 Agosto de 2025.<\/p>\n\n\n\n<p><a href=\"https:\/\/jf-moinhosdagandara.pt\/wp-content\/uploads\/2025\/11\/Ata-de-02-de-Julho.pdf\" target=\"_blank\" rel=\"noopener\" title=\"\">58<\/a>&#8211; Acta n\u00famero cinquenta e oito, 2 Julho de 2025.<\/p>\n\n\n\n<p><a href=\"https:\/\/jf-moinhosdagandara.pt\/wp-content\/uploads\/2025\/11\/Ata-Extraordinaria-de-25-de-junho.pdf\" target=\"_blank\" rel=\"noopener\" title=\"\">57<\/a>&#8211; Acta n\u00famero cinquenta e sete, 25 Junho de 2025.<\/p>\n\n\n\n<p><a href=\"https:\/\/jf-moinhosdagandara.pt\/wp-content\/uploads\/2021\/11\/Ata-no-2.pdf\" target=\"_blank\" rel=\"noreferrer noopener\">56<\/a>&#8211; Acta n\u00famero cinquenta e seis, 4 Junho de 2025.<\/p>\n\n\n\n<p><a href=\"https:\/\/jf-moinhosdagandara.pt\/wp-content\/uploads\/2025\/11\/Ata-Extraordinaria-de-28-de-maio.pdf\" target=\"_blank\" rel=\"noopener\" title=\"\">55<\/a>&#8211; Acta n\u00famero cinquenta e cinco, 28 Maio de 2025.<\/p>\n\n\n\n<p><a href=\"https:\/\/jf-moinhosdagandara.pt\/wp-content\/uploads\/2025\/11\/Ata-Extraordinaria-de-catorze-de-maio.pdf\" target=\"_blank\" rel=\"noopener\" title=\"\">54<\/a>&#8211; Acta n\u00famero cinquenta e quatro, 14 Maio de 2025.<\/p>\n\n\n\n<p><a href=\"https:\/\/jf-moinhosdagandara.pt\/wp-content\/uploads\/2025\/11\/Ata-de-sete-de-maio.pdf\" target=\"_blank\" rel=\"noopener\" title=\"\">53<\/a>&#8211; Acta n\u00famero cinquenta e tr\u00eas, 7 Maio de 2025.<\/p>\n\n\n\n<p><a href=\"https:\/\/jf-moinhosdagandara.pt\/wp-content\/uploads\/2025\/11\/Ata-de-dois-de-abril.pdf\" target=\"_blank\" rel=\"noopener\" title=\"\">52<\/a>&#8211; Acta n\u00famero cinquenta e dois, 2 Abril de 2025.<\/p>\n\n\n\n<p><a href=\"https:\/\/jf-moinhosdagandara.pt\/wp-content\/uploads\/2025\/11\/Ata-de-cinco-de-marco.pdf\" target=\"_blank\" rel=\"noopener\" title=\"\">51<\/a>&#8211; Acta n\u00famero cinquenta e um, 5 Mar\u00e7o de 2025.<\/p>\n\n\n\n<p><a href=\"https:\/\/jf-moinhosdagandara.pt\/wp-content\/uploads\/2025\/11\/Ata-de-cinco-de-fevereiro.pdf\" target=\"_blank\" rel=\"noopener\" title=\"\">50<\/a>&#8211; Acta n\u00famero cinquenta, 5 Fevereiro de 2025.<\/p>\n\n\n\n<p><a href=\"https:\/\/jf-moinhosdagandara.pt\/wp-content\/uploads\/2025\/11\/Ata-de-oito-de-janeiro.pdf\" target=\"_blank\" rel=\"noopener\" title=\"\">49<\/a>&#8211; Acta n\u00famero quarenta e nove, 8 Janeiro de 2025.<\/p>\n\n\n\n<p><strong>Ano de 2021<\/strong><\/p>\n\n\n\n<p><a href=\"https:\/\/jf-moinhosdagandara.pt\/wp-content\/uploads\/2021\/11\/Ata-no-2.pdf\" target=\"_blank\" rel=\"noreferrer noopener\">02<\/a>&#8211; Acta n\u00famero dois, 21 Outubro de 2021. <\/p>\n\n\n\n<p><a rel=\"noreferrer noopener\" href=\"https:\/\/jf-moinhosdagandara.pt\/wp-content\/uploads\/2021\/11\/Ata-no-1.pdf\" target=\"_blank\">01<\/a>&#8211; Acta n\u00famero um, 16 Outubro de 2021.<\/p>\n","protected":false},"excerpt":{"rendered":"<p>Ano de 2025 63&#8211; Acta n\u00famero sessenta e tr\u00eas, 17 Setembro de 2025. 62&#8211; Acta n\u00famero sessenta e dois, 3 Setembro de 2025. 61&#8211; Acta n\u00famero sessenta e um, 20 Agosto de 2025. 60&#8211; Acta n\u00famero sessenta, 13 Agosto de 2025. 59&#8211; Acta n\u00famero cinquenta e nove, 6 Agosto de 2025. 58&#8211; Acta n\u00famero cinquenta e oito, 2 Julho de 2025. 57&#8211; Acta n\u00famero cinquenta e sete, 25 Junho de 2025. 56&#8211; Acta n\u00famero cinquenta e seis, 4 Junho de 2025. 55&#8211; Acta n\u00famero cinquenta e cinco, 28 Maio de 2025. 54&#8211; Acta n\u00famero cinquenta e quatro, 14 Maio de 2025. 53&#8211; Acta n\u00famero cinquenta e tr\u00eas, 7 Maio de 2025. 52&#8211; Acta n\u00famero cinquenta e dois, 2 Abril de 2025. 51&#8211; Acta n\u00famero cinquenta e um, 5 Mar\u00e7o de 2025. 50&#8211; Acta n\u00famero cinquenta, 5 Fevereiro de 2025. 49&#8211; Acta n\u00famero quarenta e nove, 8 Janeiro de 2025. Ano de 2021 02&#8211; Acta n\u00famero dois, 21 Outubro de 2021. 01&#8211; Acta n\u00famero um, 16 Outubro de 2021.<\/p>\n","protected":false},"author":1,"featured_media":0,"parent":0,"menu_order":0,"comment_status":"closed","ping_status":"closed","template":"","meta":{"om_disable_all_campaigns":false,"_monsterinsights_skip_tracking":false,"_monsterinsights_sitenote_active":false,"_monsterinsights_sitenote_note":"","_monsterinsights_sitenote_category":0,"powered_cache_disable_cache":false,"powered_cache_disable_lazyload":false,"footnotes":""},"class_list":["post-3569","page","type-page","status-publish","hentry"],"aioseo_notices":[],"blog_post_layout_featured_media_urls":{"thumbnail":"","full":""},"categories_names":null,"comments_number":"0","jetpack_sharing_enabled":true,"_links":{"self":[{"href":"https:\/\/jf-moinhosdagandara.pt\/index.php?rest_route=\/wp\/v2\/pages\/3569","targetHints":{"allow":["GET"]}}],"collection":[{"href":"https:\/\/jf-moinhosdagandara.pt\/index.php?rest_route=\/wp\/v2\/pages"}],"about":[{"href":"https:\/\/jf-moinhosdagandara.pt\/index.php?rest_route=\/wp\/v2\/types\/page"}],"author":[{"embeddable":true,"href":"https:\/\/jf-moinhosdagandara.pt\/index.php?rest_route=\/wp\/v2\/users\/1"}],"replies":[{"embeddable":true,"href":"https:\/\/jf-moinhosdagandara.pt\/index.php?rest_route=%2Fwp%2Fv2%2Fcomments&post=3569"}],"version-history":[{"count":7,"href":"https:\/\/jf-moinhosdagandara.pt\/index.php?rest_route=\/wp\/v2\/pages\/3569\/revisions"}],"predecessor-version":[{"id":6119,"href":"https:\/\/jf-moinhosdagandara.pt\/index.php?rest_route=\/wp\/v2\/pages\/3569\/revisions\/6119"}],"wp:attachment":[{"href":"https:\/\/jf-moinhosdagandara.pt\/index.php?rest_route=%2Fwp%2Fv2%2Fmedia&parent=3569"}],"curies":[{"name":"wp","href":"https:\/\/api.w.org\/{rel}","templated":true}]}}