{"id":91,"date":"2013-03-20T17:30:39","date_gmt":"2013-03-20T17:30:39","guid":{"rendered":"http:\/\/pedrosilva.us\/junta\/?page_id=91"},"modified":"2019-03-01T12:26:42","modified_gmt":"2019-03-01T12:26:42","slug":"instituicoes-e-grupos-da-freguesia","status":"publish","type":"page","link":"https:\/\/jf-moinhosdagandara.pt\/?page_id=91","title":{"rendered":"Institui\u00e7\u00f5es e Grupos da Freguesia"},"content":{"rendered":"<table>\n<tbody>\n<tr>\n<td width=\"214\">\n<p style=\"text-align: center;\"><img decoding=\"async\" class=\"aligncenter size-full wp-image-652\" src=\"https:\/\/jf-moinhosdagandara.pt\/wp-content\/uploads\/2013\/07\/logo_acrdg.jpg\" alt=\"\" width=\"51\" height=\"60\" \/>\u00a0Associa\u00e7\u00e3o Cultural Recreativa e Desportiva da G\u00e2ndara<\/p>\n<p><a href=\"https:\/\/www.facebook.com\/pages\/Associa%C3%A7%C3%A3o-Cultural-Recreativa-E-Desportiva-Da-G%C3%A2ndara\/611784782308139\" target=\"_blank\" rel=\"noopener\"><img decoding=\"async\" class=\"aligncenter size-full wp-image-656\" src=\"https:\/\/jf-moinhosdagandara.pt\/wp-content\/uploads\/2013\/07\/facebook_icon-e1375064256300.png\" alt=\"\" width=\"100\" height=\"35\" \/><\/a><\/td>\n<\/tr>\n<\/tbody>\n<\/table>\n<table>\n<tbody>\n<tr>\n<td width=\"214\"><img decoding=\"async\" class=\"aligncenter wp-image-658 size-full\" src=\"https:\/\/jf-moinhosdagandara.pt\/wp-content\/uploads\/2013\/07\/icon_amg.jpg\" alt=\"\" width=\"100\" height=\"37\" \/><\/p>\n<p style=\"text-align: center;\">Associa\u00e7\u00e3o C\u00edvica de Defesa dos Moinhos e do Ambiente<\/p>\n<p><a href=\"https:\/\/www.facebook.com\/M%C3%B3-G%C3%A2ndara-Associa%C3%A7%C3%A3o-C%C3%ADvica-de-Defesa-dos-Moinhos-e-do-Ambiemnte-187697677948421\/\" target=\"_blank\" rel=\"noopener\"><img decoding=\"async\" class=\"aligncenter size-full wp-image-656\" src=\"https:\/\/jf-moinhosdagandara.pt\/wp-content\/uploads\/2013\/07\/facebook_icon-e1375064256300.png\" alt=\"\" width=\"100\" height=\"35\" \/><\/a><\/td>\n<\/tr>\n<\/tbody>\n<\/table>\n<table>\n<tbody>\n<tr>\n<td width=\"214\">\n<p style=\"text-align: center;\"><img loading=\"lazy\" decoding=\"async\" class=\"aligncenter wp-image-1565 size-thumbnail\" src=\"https:\/\/jf-moinhosdagandara.pt\/wp-content\/uploads\/2019\/03\/emcantos-150x150.jpg\" alt=\"\" width=\"150\" height=\"150\" srcset=\"https:\/\/jf-moinhosdagandara.pt\/wp-content\/uploads\/2019\/03\/emcantos-150x150.jpg 150w, https:\/\/jf-moinhosdagandara.pt\/wp-content\/uploads\/2019\/03\/emcantos-300x300.jpg 300w, https:\/\/jf-moinhosdagandara.pt\/wp-content\/uploads\/2019\/03\/emcantos.jpg 576w\" sizes=\"(max-width: 150px) 100vw, 150px\" \/>EmCantos &#8211; Grupo de M\u00fasica Popular Portuguesa<\/p>\n<p><a href=\"https:\/\/www.facebook.com\/EmcantosAssociacao\/\" target=\"_blank\" rel=\"noopener\"><img decoding=\"async\" class=\"aligncenter size-full wp-image-656\" src=\"https:\/\/jf-moinhosdagandara.pt\/wp-content\/uploads\/2013\/07\/facebook_icon-e1375064256300.png\" alt=\"\" width=\"100\" height=\"35\" \/><\/a><\/td>\n<\/tr>\n<\/tbody>\n<\/table>\n<table>\n<tbody>\n<tr>\n<td width=\"214\"><a href=\"https:\/\/jf-moinhosdagandara.pt\/wp-content\/uploads\/2013\/07\/logotipo_Aqua_viva-e1375066083628.jpg\"><img loading=\"lazy\" decoding=\"async\" class=\"aligncenter size-full wp-image-661\" src=\"https:\/\/jf-moinhosdagandara.pt\/wp-content\/uploads\/2013\/07\/logotipo_Aqua_viva-e1375066083628.jpg\" alt=\"\" width=\"80\" height=\"100\" \/><\/a><\/p>\n<p style=\"text-align: center;\">Centro Social Paroquial \u00c1qua Viva &#8211; Polo Nossa Senhora da Sa\u00fade<\/p>\n<p style=\"text-align: center;\">Comiss\u00e3o de Festas &#8220;Nossa Senhora da Sa\u00fade&#8221;<\/p>\n<p><a href=\"https:\/\/www.facebook.com\/centrosocialaquaviva\/\" target=\"_blank\" rel=\"noopener\"><img decoding=\"async\" class=\"aligncenter size-full wp-image-656\" src=\"https:\/\/jf-moinhosdagandara.pt\/wp-content\/uploads\/2013\/07\/facebook_icon-e1375064256300.png\" alt=\"\" width=\"100\" height=\"35\" \/><\/a><\/td>\n<\/tr>\n<\/tbody>\n<\/table>\n","protected":false},"excerpt":{"rendered":"<p>\u00a0Associa\u00e7\u00e3o Cultural Recreativa e Desportiva da G\u00e2ndara Associa\u00e7\u00e3o C\u00edvica de Defesa dos Moinhos e do Ambiente EmCantos &#8211; Grupo de M\u00fasica Popular Portuguesa Centro Social Paroquial \u00c1qua Viva &#8211; Polo Nossa Senhora da Sa\u00fade Comiss\u00e3o de Festas &#8220;Nossa Senhora da Sa\u00fade&#8221;<\/p>\n","protected":false},"author":1,"featured_media":0,"parent":0,"menu_order":0,"comment_status":"open","ping_status":"open","template":"","meta":{"om_disable_all_campaigns":false,"_monsterinsights_skip_tracking":false,"_monsterinsights_sitenote_active":false,"_monsterinsights_sitenote_note":"","_monsterinsights_sitenote_category":0,"powered_cache_disable_cache":false,"powered_cache_disable_lazyload":false,"footnotes":""},"class_list":["post-91","page","type-page","status-publish","hentry"],"aioseo_notices":[],"blog_post_layout_featured_media_urls":{"thumbnail":"","full":""},"categories_names":null,"comments_number":"0","jetpack_sharing_enabled":true,"_links":{"self":[{"href":"https:\/\/jf-moinhosdagandara.pt\/index.php?rest_route=\/wp\/v2\/pages\/91","targetHints":{"allow":["GET"]}}],"collection":[{"href":"https:\/\/jf-moinhosdagandara.pt\/index.php?rest_route=\/wp\/v2\/pages"}],"about":[{"href":"https:\/\/jf-moinhosdagandara.pt\/index.php?rest_route=\/wp\/v2\/types\/page"}],"author":[{"embeddable":true,"href":"https:\/\/jf-moinhosdagandara.pt\/index.php?rest_route=\/wp\/v2\/users\/1"}],"replies":[{"embeddable":true,"href":"https:\/\/jf-moinhosdagandara.pt\/index.php?rest_route=%2Fwp%2Fv2%2Fcomments&post=91"}],"version-history":[{"count":36,"href":"https:\/\/jf-moinhosdagandara.pt\/index.php?rest_route=\/wp\/v2\/pages\/91\/revisions"}],"predecessor-version":[{"id":1570,"href":"https:\/\/jf-moinhosdagandara.pt\/index.php?rest_route=\/wp\/v2\/pages\/91\/revisions\/1570"}],"wp:attachment":[{"href":"https:\/\/jf-moinhosdagandara.pt\/index.php?rest_route=%2Fwp%2Fv2%2Fmedia&parent=91"}],"curies":[{"name":"wp","href":"https:\/\/api.w.org\/{rel}","templated":true}]}}

Instituições e Grupos da Freguesia

<table>
<tbody>
<tr>
<td width="214">
<p style="text-align: center;"><img decoding="async" class="aligncenter size-full wp-image-652" src="https://jf-moinhosdagandara.pt/wp-content/uploads/2013/07/logo_acrdg.jpg" alt="" width="51" height="60" /> Associação Cultural Recreativa e Desportiva da Gândara</p>
<p><a href="https://www.facebook.com/pages/Associa%C3%A7%C3%A3o-Cultural-Recreativa-E-Desportiva-Da-G%C3%A2ndara/611784782308139" target="_blank" rel="noopener"><img decoding="async" class="aligncenter size-full wp-image-656" src="https://jf-moinhosdagandara.pt/wp-content/uploads/2013/07/facebook_icon-e1375064256300.png" alt="" width="100" height="35" /></a></td>
</tr>
</tbody>
</table>
<table>
<tbody>
<tr>
<td width="214"><img decoding="async" class="aligncenter wp-image-658 size-full" src="https://jf-moinhosdagandara.pt/wp-content/uploads/2013/07/icon_amg.jpg" alt="" width="100" height="37" /></p>
<p style="text-align: center;">Associação Cívica de Defesa dos Moinhos e do Ambiente</p>
<p><a href="https://www.facebook.com/M%C3%B3-G%C3%A2ndara-Associa%C3%A7%C3%A3o-C%C3%ADvica-de-Defesa-dos-Moinhos-e-do-Ambiemnte-187697677948421/" target="_blank" rel="noopener"><img decoding="async" class="aligncenter size-full wp-image-656" src="https://jf-moinhosdagandara.pt/wp-content/uploads/2013/07/facebook_icon-e1375064256300.png" alt="" width="100" height="35" /></a></td>
</tr>
</tbody>
</table>
<table>
<tbody>
<tr>
<td width="214">
<p style="text-align: center;"><img loading="lazy" decoding="async" class="aligncenter wp-image-1565 size-thumbnail" src="https://jf-moinhosdagandara.pt/wp-content/uploads/2019/03/emcantos-150x150.jpg" alt="" width="150" height="150" srcset="https://jf-moinhosdagandara.pt/wp-content/uploads/2019/03/emcantos-150x150.jpg 150w, https://jf-moinhosdagandara.pt/wp-content/uploads/2019/03/emcantos-300x300.jpg 300w, https://jf-moinhosdagandara.pt/wp-content/uploads/2019/03/emcantos.jpg 576w" sizes="(max-width: 150px) 100vw, 150px" />EmCantos &#8211; Grupo de Música Popular Portuguesa</p>
<p><a href="https://www.facebook.com/EmcantosAssociacao/" target="_blank" rel="noopener"><img decoding="async" class="aligncenter size-full wp-image-656" src="https://jf-moinhosdagandara.pt/wp-content/uploads/2013/07/facebook_icon-e1375064256300.png" alt="" width="100" height="35" /></a></td>
</tr>
</tbody>
</table>
<table>
<tbody>
<tr>
<td width="214"><a href="https://jf-moinhosdagandara.pt/wp-content/uploads/2013/07/logotipo_Aqua_viva-e1375066083628.jpg"><img loading="lazy" decoding="async" class="aligncenter size-full wp-image-661" src="https://jf-moinhosdagandara.pt/wp-content/uploads/2013/07/logotipo_Aqua_viva-e1375066083628.jpg" alt="" width="80" height="100" /></a></p>
<p style="text-align: center;">Centro Social Paroquial Áqua Viva &#8211; Polo Nossa Senhora da Saúde</p>
<p style="text-align: center;">Comissão de Festas &#8220;Nossa Senhora da Saúde&#8221;</p>
<p><a href="https://www.facebook.com/centrosocialaquaviva/" target="_blank" rel="noopener"><img decoding="async" class="aligncenter size-full wp-image-656" src="https://jf-moinhosdagandara.pt/wp-content/uploads/2013/07/facebook_icon-e1375064256300.png" alt="" width="100" height="35" /></a></td>
</tr>
</tbody>
</table>

<p> Associação Cultural Recreativa e Desportiva da Gândara Associação Cívica de Defesa dos Moinhos e do Ambiente EmCantos &#8211; Grupo de Música Popular Portuguesa Centro Social Paroquial Áqua Viva &#8211; Polo Nossa Senhora da Saúde Comissão de Festas &#8220;Nossa Senhora da Saúde&#8221;</p>
