{"id":930,"date":"2015-04-30T09:12:31","date_gmt":"2015-04-30T09:12:31","guid":{"rendered":"http:\/\/jf-moinhosdagandara.pt\/?page_id=930"},"modified":"2024-06-11T09:57:51","modified_gmt":"2024-06-11T09:57:51","slug":"piscina","status":"publish","type":"page","link":"https:\/\/jf-moinhosdagandara.pt\/?page_id=930","title":{"rendered":"Piscina"},"content":{"rendered":"<p><a href=\"https:\/\/jf-moinhosdagandara.pt\/wp-content\/uploads\/2017\/04\/Regulamento-para-o-programa-de-ocupa\u00e7\u00e3o-dos-tempos-livres-das-f\u00e9rias-de-ver\u00e3o.pdf\" target=\"_blank\" rel=\"noopener noreferrer\">Regulamento para o programa de ocupa\u00e7\u00e3o dos tempos livres das f\u00e9rias de ver\u00e3o<\/a><\/p>\n<h4 style=\"color: #1e1e1e;\">Formul\u00e1rio Inscri\u00e7\u00e3o &#8211; Ver\u00e3o Jovem &#8211; 2024 <a href=\"https:\/\/jf-moinhosdagandara.pt\/wp-content\/uploads\/2024\/06\/FICHA-INSCRICAO-VERAO-JOVEM-2024.pdf\" target=\"_blank\" rel=\"noopener noreferrer\">(papel)<\/a><\/h4>\n<h4 style=\"color: #1e1e1e;\"><strong>Formul\u00e1rio Inscri\u00e7\u00e3o &#8211; Ver\u00e3o Jovem &#8211; 2022 <a href=\"https:\/\/jf-moinhosdagandara.pt\/wp-content\/uploads\/2022\/05\/FICHA-INSCRICAO-VERAO-JOVEM-2022-1.docx\" target=\"_blank\" rel=\"noopener noreferrer\">(papel)<\/a><\/strong><\/h4>\n<h4><strong>Formul\u00e1rio Inscri\u00e7\u00e3o &#8211; Ver\u00e3o Jovem &#8211; 2021 <a href=\"https:\/\/jf-moinhosdagandara.pt\/wp-content\/uploads\/2021\/05\/FICHA-INSCRICAO-VERAO-JOVEM-2021.docx\" target=\"_blank\" rel=\"noopener noreferrer\">(papel)<\/a> <\/strong><\/h4>\n<h4><strong>Formul\u00e1rio Inscri\u00e7\u00e3o &#8211; Ver\u00e3o Jovem &#8211; 2018\u00a0<a href=\"https:\/\/jf-moinhosdagandara.pt\/wp-content\/uploads\/2015\/04\/Papel2018.pdf\" target=\"_blank\" rel=\"noopener noreferrer\">(papel)<\/a> <\/strong><\/h4>\n<h4><strong><a href=\"https:\/\/jf-moinhosdagandara.pt\/wp-content\/uploads\/2017\/04\/Formul\u00e1rio-Inscri\u00e7\u00e3o-Ver\u00e3o-Jovem-2017.pdf\" target=\"_blank\" rel=\"noopener noreferrer\">Formul\u00e1rio Inscri\u00e7\u00e3o &#8211; Ver\u00e3o Jovem &#8211; 2017<\/a><\/strong><\/h4>\n<table style=\"height: 206px;\" width=\"659\">\n<tbody>\n<tr>\n<td><a href=\"https:\/\/jf-moinhosdagandara.pt\/wp-content\/uploads\/2015\/04\/Piscina_01-e1430381115315.jpg\"><img fetchpriority=\"high\" decoding=\"async\" class=\"alignleft  wp-image-931\" src=\"https:\/\/jf-moinhosdagandara.pt\/wp-content\/uploads\/2015\/04\/Piscina_01-300x187.jpg\" alt=\"Piscina_01\" width=\"500\" height=\"318\" \/><\/a><\/td>\n<td><\/td>\n<\/tr>\n<\/tbody>\n<\/table>\n","protected":false},"excerpt":{"rendered":"<p>Regulamento para o programa de ocupa\u00e7\u00e3o dos tempos livres das f\u00e9rias de ver\u00e3o Formul\u00e1rio Inscri\u00e7\u00e3o &#8211; Ver\u00e3o Jovem &#8211; 2024 (papel) Formul\u00e1rio Inscri\u00e7\u00e3o &#8211; Ver\u00e3o Jovem &#8211; 2022 (papel) Formul\u00e1rio Inscri\u00e7\u00e3o &#8211; Ver\u00e3o Jovem &#8211; 2021 (papel) Formul\u00e1rio Inscri\u00e7\u00e3o &#8211; Ver\u00e3o Jovem &#8211; 2018\u00a0(papel) Formul\u00e1rio Inscri\u00e7\u00e3o &#8211; Ver\u00e3o Jovem &#8211; 2017<\/p>\n","protected":false},"author":1,"featured_media":0,"parent":0,"menu_order":0,"comment_status":"closed","ping_status":"closed","template":"","meta":{"om_disable_all_campaigns":false,"_monsterinsights_skip_tracking":false,"_monsterinsights_sitenote_active":false,"_monsterinsights_sitenote_note":"","_monsterinsights_sitenote_category":0,"powered_cache_disable_cache":false,"powered_cache_disable_lazyload":false,"footnotes":""},"class_list":["post-930","page","type-page","status-publish","hentry"],"aioseo_notices":[],"blog_post_layout_featured_media_urls":{"thumbnail":"","full":""},"categories_names":null,"comments_number":"0","jetpack_sharing_enabled":true,"_links":{"self":[{"href":"https:\/\/jf-moinhosdagandara.pt\/index.php?rest_route=\/wp\/v2\/pages\/930","targetHints":{"allow":["GET"]}}],"collection":[{"href":"https:\/\/jf-moinhosdagandara.pt\/index.php?rest_route=\/wp\/v2\/pages"}],"about":[{"href":"https:\/\/jf-moinhosdagandara.pt\/index.php?rest_route=\/wp\/v2\/types\/page"}],"author":[{"embeddable":true,"href":"https:\/\/jf-moinhosdagandara.pt\/index.php?rest_route=\/wp\/v2\/users\/1"}],"replies":[{"embeddable":true,"href":"https:\/\/jf-moinhosdagandara.pt\/index.php?rest_route=%2Fwp%2Fv2%2Fcomments&post=930"}],"version-history":[{"count":20,"href":"https:\/\/jf-moinhosdagandara.pt\/index.php?rest_route=\/wp\/v2\/pages\/930\/revisions"}],"predecessor-version":[{"id":5464,"href":"https:\/\/jf-moinhosdagandara.pt\/index.php?rest_route=\/wp\/v2\/pages\/930\/revisions\/5464"}],"wp:attachment":[{"href":"https:\/\/jf-moinhosdagandara.pt\/index.php?rest_route=%2Fwp%2Fv2%2Fmedia&parent=930"}],"curies":[{"name":"wp","href":"https:\/\/api.w.org\/{rel}","templated":true}]}}

<p><a href="https://jf-moinhosdagandara.pt/wp-content/uploads/2017/04/Regulamento-para-o-programa-de-ocupação-dos-tempos-livres-das-férias-de-verão.pdf" target="_blank" rel="noopener noreferrer">Regulamento para o programa de ocupação dos tempos livres das férias de verão</a></p>
<h4 style="color: #1e1e1e;">Formulário Inscrição &#8211; Verão Jovem &#8211; 2024 <a href="https://jf-moinhosdagandara.pt/wp-content/uploads/2024/06/FICHA-INSCRICAO-VERAO-JOVEM-2024.pdf" target="_blank" rel="noopener noreferrer">(papel)</a></h4>
<h4 style="color: #1e1e1e;"><strong>Formulário Inscrição &#8211; Verão Jovem &#8211; 2022 <a href="https://jf-moinhosdagandara.pt/wp-content/uploads/2022/05/FICHA-INSCRICAO-VERAO-JOVEM-2022-1.docx" target="_blank" rel="noopener noreferrer">(papel)</a></strong></h4>
<h4><strong>Formulário Inscrição &#8211; Verão Jovem &#8211; 2021 <a href="https://jf-moinhosdagandara.pt/wp-content/uploads/2021/05/FICHA-INSCRICAO-VERAO-JOVEM-2021.docx" target="_blank" rel="noopener noreferrer">(papel)</a> </strong></h4>
<h4><strong>Formulário Inscrição &#8211; Verão Jovem &#8211; 2018 <a href="https://jf-moinhosdagandara.pt/wp-content/uploads/2015/04/Papel2018.pdf" target="_blank" rel="noopener noreferrer">(papel)</a> </strong></h4>
<h4><strong><a href="https://jf-moinhosdagandara.pt/wp-content/uploads/2017/04/Formulário-Inscrição-Verão-Jovem-2017.pdf" target="_blank" rel="noopener noreferrer">Formulário Inscrição &#8211; Verão Jovem &#8211; 2017</a></strong></h4>
<table style="height: 206px;" width="659">
<tbody>
<tr>
<td><a href="https://jf-moinhosdagandara.pt/wp-content/uploads/2015/04/Piscina_01-e1430381115315.jpg"><img fetchpriority="high" decoding="async" class="alignleft  wp-image-931" src="https://jf-moinhosdagandara.pt/wp-content/uploads/2015/04/Piscina_01-300x187.jpg" alt="Piscina_01" width="500" height="318" /></a></td>
<td></td>
</tr>
</tbody>
</table>

<p>Regulamento para o programa de ocupação dos tempos livres das férias de verão Formulário Inscrição &#8211; Verão Jovem &#8211; 2024 (papel) Formulário Inscrição &#8211; Verão Jovem &#8211; 2022 (papel) Formulário Inscrição &#8211; Verão Jovem &#8211; 2021 (papel) Formulário Inscrição &#8211; Verão Jovem &#8211; 2018 (papel) Formulário Inscrição &#8211; Verão Jovem &#8211; 2017</p>
